{"id":18,"date":"2025-07-31T07:06:28","date_gmt":"2025-07-31T07:06:28","guid":{"rendered":"https:\/\/lebienetreparlerire.fr\/?page_id=18"},"modified":"2026-01-12T08:49:51","modified_gmt":"2026-01-12T08:49:51","slug":"galerie","status":"publish","type":"page","link":"https:\/\/lebienetreparlerire.fr\/index.php\/galerie\/","title":{"rendered":"Galerie"},"content":{"rendered":"\t\t<div data-elementor-type=\"wp-page\" data-elementor-id=\"18\" class=\"elementor elementor-18\">\n\t\t\t\t<div class=\"elementor-element elementor-element-c26e8c6 e-flex e-con-boxed wpr-particle-no wpr-jarallax-no wpr-parallax-no wpr-sticky-section-no e-con e-parent\" data-id=\"c26e8c6\" data-element_type=\"container\" data-e-type=\"container\">\n\t\t\t\t\t<div class=\"e-con-inner\">\n\t\t<div class=\"elementor-element elementor-element-661ad7e e-flex e-con-boxed wpr-particle-no wpr-jarallax-no wpr-parallax-no wpr-sticky-section-no e-con e-child\" data-id=\"661ad7e\" data-element_type=\"container\" data-e-type=\"container\">\n\t\t\t\t\t<div class=\"e-con-inner\">\n\t\t\t\t<div class=\"elementor-element elementor-element-852e3b2 elementor-widget elementor-widget-heading\" data-id=\"852e3b2\" data-element_type=\"widget\" data-e-type=\"widget\" data-widget_type=\"heading.default\">\n\t\t\t\t\t<h2 class=\"elementor-heading-title elementor-size-default\">Rencontres &amp; bienveillance<\/h2>\t\t\t\t<\/div>\n\t\t\t\t<div class=\"elementor-element elementor-element-2f0b27a elementor-widget__width-initial elementor-widget elementor-widget-text-editor\" data-id=\"2f0b27a\" data-element_type=\"widget\" data-e-type=\"widget\" data-widget_type=\"text-editor.default\">\n\t\t\t\t\t\t\t\t\t<p>Avec Le bien \u00eatre par le rire, rencontrez des personnes chaleureuses qui partagent la m\u00eame passion que vous : le bien \u00eatre. Voici \u00e0 quoi ressemblent nos s\u00e9ances.<\/p>\t\t\t\t\t\t\t\t<\/div>\n\t\t\t\t\t<\/div>\n\t\t\t\t<\/div>\n\t\t\t\t\t<\/div>\n\t\t\t\t<\/div>\n\t\t<div class=\"elementor-element elementor-element-22ec5ef e-flex e-con-boxed wpr-particle-no wpr-jarallax-no wpr-parallax-no wpr-sticky-section-no e-con e-parent\" data-id=\"22ec5ef\" data-element_type=\"container\" data-e-type=\"container\">\n\t\t\t\t\t<div class=\"e-con-inner\">\n\t\t\t\t<div class=\"elementor-element elementor-element-a0b0f9e gallery-spacing-custom elementor-widget elementor-widget-image-gallery\" data-id=\"a0b0f9e\" data-element_type=\"widget\" data-e-type=\"widget\" data-widget_type=\"image-gallery.default\">\n\t\t\t\t\t\t\t<div class=\"elementor-image-gallery\">\n\t\t\t<div id='gallery-1' class='gallery galleryid-18 gallery-columns-4 gallery-size-1536x1536'><figure class='gallery-item'>\n\t\t\t<div class='gallery-icon landscape'>\n\t\t\t\t<a data-elementor-open-lightbox=\"yes\" data-elementor-lightbox-slideshow=\"a0b0f9e\" data-elementor-lightbox-title=\"PHOTO-2025-12-28-22-42-31\" data-e-action-hash=\"#elementor-action%3Aaction%3Dlightbox%26settings%3DeyJpZCI6MzYwLCJ1cmwiOiJodHRwczpcL1wvbGViaWVuZXRyZXBhcmxlcmlyZS5mclwvd3AtY29udGVudFwvdXBsb2Fkc1wvMjAyNlwvMDFcL1BIT1RPLTIwMjUtMTItMjgtMjItNDItMzEuanBnIiwic2xpZGVzaG93IjoiYTBiMGY5ZSJ9\" href='https:\/\/lebienetreparlerire.fr\/wp-content\/uploads\/2026\/01\/PHOTO-2025-12-28-22-42-31.jpg'><img fetchpriority=\"high\" decoding=\"async\" width=\"1536\" height=\"1152\" src=\"https:\/\/lebienetreparlerire.fr\/wp-content\/uploads\/2026\/01\/PHOTO-2025-12-28-22-42-31-1536x1152.jpg\" class=\"attachment-1536x1536 size-1536x1536\" alt=\"\" srcset=\"https:\/\/lebienetreparlerire.fr\/wp-content\/uploads\/2026\/01\/PHOTO-2025-12-28-22-42-31-1536x1152.jpg 1536w, https:\/\/lebienetreparlerire.fr\/wp-content\/uploads\/2026\/01\/PHOTO-2025-12-28-22-42-31-300x225.jpg 300w, https:\/\/lebienetreparlerire.fr\/wp-content\/uploads\/2026\/01\/PHOTO-2025-12-28-22-42-31-1024x768.jpg 1024w, https:\/\/lebienetreparlerire.fr\/wp-content\/uploads\/2026\/01\/PHOTO-2025-12-28-22-42-31-768x576.jpg 768w, https:\/\/lebienetreparlerire.fr\/wp-content\/uploads\/2026\/01\/PHOTO-2025-12-28-22-42-31.jpg 2048w\" sizes=\"(max-width: 1536px) 100vw, 1536px\" \/><\/a>\n\t\t\t<\/div><\/figure><figure class='gallery-item'>\n\t\t\t<div class='gallery-icon landscape'>\n\t\t\t\t<a data-elementor-open-lightbox=\"yes\" data-elementor-lightbox-slideshow=\"a0b0f9e\" data-elementor-lightbox-title=\"unsplash_tvbxqXI5mmo(2)\" data-e-action-hash=\"#elementor-action%3Aaction%3Dlightbox%26settings%3DeyJpZCI6MTQ4LCJ1cmwiOiJodHRwczpcL1wvbGViaWVuZXRyZXBhcmxlcmlyZS5mclwvd3AtY29udGVudFwvdXBsb2Fkc1wvMjAyNVwvMDdcL3Vuc3BsYXNoX3R2YnhxWEk1bW1vMi5wbmciLCJzbGlkZXNob3ciOiJhMGIwZjllIn0%3D\" href='https:\/\/lebienetreparlerire.fr\/wp-content\/uploads\/2025\/07\/unsplash_tvbxqXI5mmo2.png'><img decoding=\"async\" width=\"1200\" height=\"796\" src=\"https:\/\/lebienetreparlerire.fr\/wp-content\/uploads\/2025\/07\/unsplash_tvbxqXI5mmo2.png\" class=\"attachment-1536x1536 size-1536x1536\" alt=\"\" srcset=\"https:\/\/lebienetreparlerire.fr\/wp-content\/uploads\/2025\/07\/unsplash_tvbxqXI5mmo2.png 1200w, https:\/\/lebienetreparlerire.fr\/wp-content\/uploads\/2025\/07\/unsplash_tvbxqXI5mmo2-300x199.png 300w, https:\/\/lebienetreparlerire.fr\/wp-content\/uploads\/2025\/07\/unsplash_tvbxqXI5mmo2-1024x679.png 1024w, https:\/\/lebienetreparlerire.fr\/wp-content\/uploads\/2025\/07\/unsplash_tvbxqXI5mmo2-768x509.png 768w\" sizes=\"(max-width: 1200px) 100vw, 1200px\" \/><\/a>\n\t\t\t<\/div><\/figure><figure class='gallery-item'>\n\t\t\t<div class='gallery-icon landscape'>\n\t\t\t\t<a data-elementor-open-lightbox=\"yes\" data-elementor-lightbox-slideshow=\"a0b0f9e\" data-elementor-lightbox-title=\"PHOTO-2025-12-28-22-43-11\" data-e-action-hash=\"#elementor-action%3Aaction%3Dlightbox%26settings%3DeyJpZCI6MzgyLCJ1cmwiOiJodHRwczpcL1wvbGViaWVuZXRyZXBhcmxlcmlyZS5mclwvd3AtY29udGVudFwvdXBsb2Fkc1wvMjAyNlwvMDFcL1BIT1RPLTIwMjUtMTItMjgtMjItNDMtMTEuanBnIiwic2xpZGVzaG93IjoiYTBiMGY5ZSJ9\" href='https:\/\/lebienetreparlerire.fr\/wp-content\/uploads\/2026\/01\/PHOTO-2025-12-28-22-43-11.jpg'><img decoding=\"async\" width=\"1536\" height=\"1152\" src=\"https:\/\/lebienetreparlerire.fr\/wp-content\/uploads\/2026\/01\/PHOTO-2025-12-28-22-43-11-1536x1152.jpg\" class=\"attachment-1536x1536 size-1536x1536\" alt=\"\" srcset=\"https:\/\/lebienetreparlerire.fr\/wp-content\/uploads\/2026\/01\/PHOTO-2025-12-28-22-43-11-1536x1152.jpg 1536w, https:\/\/lebienetreparlerire.fr\/wp-content\/uploads\/2026\/01\/PHOTO-2025-12-28-22-43-11-300x225.jpg 300w, https:\/\/lebienetreparlerire.fr\/wp-content\/uploads\/2026\/01\/PHOTO-2025-12-28-22-43-11-1024x768.jpg 1024w, https:\/\/lebienetreparlerire.fr\/wp-content\/uploads\/2026\/01\/PHOTO-2025-12-28-22-43-11-768x576.jpg 768w, https:\/\/lebienetreparlerire.fr\/wp-content\/uploads\/2026\/01\/PHOTO-2025-12-28-22-43-11.jpg 2048w\" sizes=\"(max-width: 1536px) 100vw, 1536px\" \/><\/a>\n\t\t\t<\/div><\/figure><figure class='gallery-item'>\n\t\t\t<div class='gallery-icon landscape'>\n\t\t\t\t<a data-elementor-open-lightbox=\"yes\" data-elementor-lightbox-slideshow=\"a0b0f9e\" data-elementor-lightbox-title=\"PHOTO-2025-12-28-22-43-00 2\" data-e-action-hash=\"#elementor-action%3Aaction%3Dlightbox%26settings%3DeyJpZCI6Mzc4LCJ1cmwiOiJodHRwczpcL1wvbGViaWVuZXRyZXBhcmxlcmlyZS5mclwvd3AtY29udGVudFwvdXBsb2Fkc1wvMjAyNlwvMDFcL1BIT1RPLTIwMjUtMTItMjgtMjItNDMtMDAtMi5qcGciLCJzbGlkZXNob3ciOiJhMGIwZjllIn0%3D\" href='https:\/\/lebienetreparlerire.fr\/wp-content\/uploads\/2026\/01\/PHOTO-2025-12-28-22-43-00-2.jpg'><img loading=\"lazy\" decoding=\"async\" width=\"1536\" height=\"1152\" src=\"https:\/\/lebienetreparlerire.fr\/wp-content\/uploads\/2026\/01\/PHOTO-2025-12-28-22-43-00-2-1536x1152.jpg\" class=\"attachment-1536x1536 size-1536x1536\" alt=\"\" srcset=\"https:\/\/lebienetreparlerire.fr\/wp-content\/uploads\/2026\/01\/PHOTO-2025-12-28-22-43-00-2-1536x1152.jpg 1536w, https:\/\/lebienetreparlerire.fr\/wp-content\/uploads\/2026\/01\/PHOTO-2025-12-28-22-43-00-2-300x225.jpg 300w, https:\/\/lebienetreparlerire.fr\/wp-content\/uploads\/2026\/01\/PHOTO-2025-12-28-22-43-00-2-1024x768.jpg 1024w, https:\/\/lebienetreparlerire.fr\/wp-content\/uploads\/2026\/01\/PHOTO-2025-12-28-22-43-00-2-768x576.jpg 768w, https:\/\/lebienetreparlerire.fr\/wp-content\/uploads\/2026\/01\/PHOTO-2025-12-28-22-43-00-2.jpg 2048w\" sizes=\"(max-width: 1536px) 100vw, 1536px\" \/><\/a>\n\t\t\t<\/div><\/figure>\n\t\t<\/div>\n\t\t<\/div>\n\t\t\t\t\t\t<\/div>\n\t\t\t\t\t<\/div>\n\t\t\t\t<\/div>\n\t\t\t\t<\/div>\n\t\t","protected":false},"excerpt":{"rendered":"<p>Rencontres &amp; bienveillance Avec Le bien \u00eatre par le rire, rencontrez des personnes chaleureuses qui partagent la m\u00eame passion que vous : le bien \u00eatre. Voici \u00e0 quoi ressemblent nos s\u00e9ances.<\/p>\n","protected":false},"author":1,"featured_media":0,"parent":0,"menu_order":0,"comment_status":"closed","ping_status":"closed","template":"","meta":{"footnotes":""},"class_list":["post-18","page","type-page","status-publish","hentry"],"_links":{"self":[{"href":"https:\/\/lebienetreparlerire.fr\/index.php\/wp-json\/wp\/v2\/pages\/18","targetHints":{"allow":["GET"]}}],"collection":[{"href":"https:\/\/lebienetreparlerire.fr\/index.php\/wp-json\/wp\/v2\/pages"}],"about":[{"href":"https:\/\/lebienetreparlerire.fr\/index.php\/wp-json\/wp\/v2\/types\/page"}],"author":[{"embeddable":true,"href":"https:\/\/lebienetreparlerire.fr\/index.php\/wp-json\/wp\/v2\/users\/1"}],"replies":[{"embeddable":true,"href":"https:\/\/lebienetreparlerire.fr\/index.php\/wp-json\/wp\/v2\/comments?post=18"}],"version-history":[{"count":16,"href":"https:\/\/lebienetreparlerire.fr\/index.php\/wp-json\/wp\/v2\/pages\/18\/revisions"}],"predecessor-version":[{"id":391,"href":"https:\/\/lebienetreparlerire.fr\/index.php\/wp-json\/wp\/v2\/pages\/18\/revisions\/391"}],"wp:attachment":[{"href":"https:\/\/lebienetreparlerire.fr\/index.php\/wp-json\/wp\/v2\/media?parent=18"}],"curies":[{"name":"wp","href":"https:\/\/api.w.org\/{rel}","templated":true}]}}